est common divisor of 164841 and 69?
69
Calculate the greatest common divisor of 168 and 49176.
24
Calculate the greatest common divisor of 6920 and 37022.
346
Calculate the highest common factor of 1 and 79796.
1
Calculate the highest common divisor of 281295 and 5.
5
What is the highest common divisor of 2397 and 29328?
141
What is the highest common divisor of 281957 and 4797?
533
Calculate the greatest common divisor of 112044 and 24.
12
Calculate the greatest common divisor of 18 and 739656.
18
Calculate the greatest common divisor of 194277 and 465.
93
Calculate the highest common factor of 451 and 13571.
41
What is the greatest common factor of 234923 and 2652?
221
What is the highest common factor of 22682 and 418?
22
What is the highest common factor of 168 and 111062?
14
Calculate the greatest common factor of 4 and 10856.
4
Calculate the highest common divisor of 399 and 25992.
57
What is the highest common factor of 224 and 109676?
28
Calculate the highest common divisor of 140 and 4144.
28
What is the highest common factor of 173 and 7739674?
173
What is the highest common factor of 7 and 412601?
7
What is the greatest common divisor of 91 and 3955?
7
What is the highest common divisor of 7587 and 281?
281
What is the greatest common factor of 8 and 221584?
8
What is the greatest common divisor of 22 and 694606?
22
What is the greatest common factor of 36995 and 4832?
151
Calculate the highest common factor of 65001 and 141.
141
What is the greatest common divisor of 306 and 1296?
18
What is the highest common divisor of 536 and 191816?
8
What is the highest common divisor of 104 and 44018?
26
What is the greatest common factor of 590 and 37270?
10
Calculate the greatest common divisor of 40 and 113165.
5
What is the highest common divisor of 9474 and 6?
6
Calculate the highest common factor of 14 and 444549.
7
What is the highest common divisor of 177 and 8719079?
59
Calculate the greatest common factor of 342 and 13642.
38
What is the greatest common divisor of 11925 and 26765?
265
What is the highest common divisor of 3685 and 375133?
737
What is the greatest common factor of 340 and 86190?
170
Calculate the greatest common divisor of 885 and 1475.
295
What is the highest common divisor of 3975 and 1229070?
795
Calculate the highest common divisor of 418730 and 10.
10
What is the highest common divisor of 144 and 39912?
24
What is the greatest common divisor of 97653 and 12513?
129
Calculate the highest common factor of 652513 and 67.
67
What is the highest common factor of 736188 and 372?
372
What is the greatest common divisor of 1778 and 1260?
14
What is the highest common factor of 11380 and 2136026?
1138
Calculate the greatest common divisor of 191176 and 23.
23
What is the highest common factor of 30 and 319854?
6
Calculate the highest common divisor of 8181 and 2781.
27
What is the greatest common divisor of 16 and 2087608?
8
What is the greatest common factor of 114 and 148314?
114
What is the greatest common divisor of 28593 and 1701?
81
Calculate the highest common divisor of 6777 and 351.
27
Calculate the greatest common factor of 27800 and 1950.
50
What is the greatest common factor of 83330 and 260?
130
Calculate the greatest common factor of 8810 and 290.
10
What is the highest common factor of 114 and 138396?
114
Calculate the greatest common divisor of 1152 and 2896272.
144
What is the greatest common factor of 8313 and 51?
51
What is the greatest common divisor of 6233 and 10840?
271
Calculate the highest common divisor of 1673 and 224.
7
What is the greatest common divisor of 1242 and 66078?
18
Calculate the highest common divisor of 518485 and 121.
121
What is the highest common factor of 1188 and 158796?
396
What is the highest common divisor of 16 and 88112?
16
What is the highest common divisor of 22986 and 18594?
18
Calculate the greatest common factor of 35014 and 976.
122
Calculate the highest common factor of 4273 and 3.
1
Calculate the highest common divisor of 12416 and 21922.
194
Calculate the highest common factor of 93 and 16977.
3
Calculate the greatest common divisor of 2 and 626.
2
What is the highest common divisor of 80665 and 425?
85
Calculate the greatest common divisor of 224509 and 647.
647
What is the highest common divisor of 2371 and 10?
1
Calculate the highest common divisor of 113240 and 20520.
760
What is the greatest common divisor of 594 and 2565?
27
Calculate the greatest common divisor of 186 and 2253204.
186
Calculate the highest common divisor of 401947 and 91.
91
What is the highest common factor of 10068 and 24?
12
Calculate the greatest common factor of 10608 and 3888.
48
Calculate the greatest common divisor of 4647420 and 180.
180
Calculate the greatest common factor of 29146 and 236.
118
Calculate the greatest common factor of 64 and 344376.
8
What is the greatest common factor of 14048 and 55753?
439
Calculate the highest common divisor of 20181 and 6.
3
Calculate the greatest common factor of 6888 and 6216.
168
Calculate the greatest common factor of 5460 and 730548.
1092
Calculate the greatest common divisor of 26 and 426.
2
What is the highest common divisor of 323 and 537168?
19
What is the greatest common factor of 2852883 and 66?
33
Calculate the greatest common divisor of 608 and 66728.
152
Calculate the greatest common divisor of 4241988 and 36.
36
What is the greatest common factor of 934 and 3279274?
934
What is the greatest common factor of 14 and 345919?
7
What is the greatest common factor of 8469 and 126?
9
Calculate the greatest common divisor of 336 and 6846.
42
Calculate the greatest common divisor of 74686 and 214.
214
Calculate the highest common factor of 5865 and 20213.
17
Calculate the highest common factor of 13754 and 182.
26
Calculate the greatest common factor of 288 and 269256.
24
What is the greatest common divisor of 4 and 187387?
1
What is the highest common factor of 5884 and 12?
4
What is the highest common divisor of 119 and 844543?
119
Calculate the greatest common divisor of 76 and 243124.
76
Calculate the highest common divisor of 408 and 93360.
24
What is the highest common factor of 2861391 and 26?
13
What is the highest common divisor of 160 and 7960?
40
What is the greatest common divisor of 10027 and 22222?
271
What is the highest common factor of 6 and 252594?
6
Calculate the highest common divisor of 112 and 925648.
16
What is the highest common divisor of 320 and 466688?
64
Calculate the greatest common divisor of 96 and 1063968.
96
What is the greatest common divisor of 80 and 278660?
20
What is the greatest common factor of 36001 and 29526?
259
Calculate the highest common divisor of 4 and 503056.
4
What is the greatest common divisor of 1070 and 332342?
214
Calculate the highest common factor of 8028 and 189327.
669
Calculate the highest common factor of 1332520 and 140.
140
Calculate the highest common factor of 282637 and 981.
109
Calculate the greatest common divisor of 18 and 1395774.
18
What is the highest common divisor of 76 and 11428?
4
What is the highest common factor of 644 and 43976?
92
What is the greatest common divisor of 69270 and 130?
10
Calculate the highest common divisor of 43616 and 986.
58
Calculate the greatest common divisor of 60 and 40965.
15
Calculate the greatest common divisor of 171 and 361.
19
Calculate the greatest common factor of 3841 and 145123.
167
Calculate the greatest common factor of 2305 and 335.
5
Calculate the highest common factor of 2538 and 531.
9
Calculate the highest common factor of 364 and 554060.
52
What is the greatest common divisor of 197450 and 198?
22
Calculate the greatest common divisor of 4321 and 73718.
29
What is the highest common divisor of 560963 and 13?
13
Calculate the highest common divisor of 230 and 68320.
10
Calculate the highest common factor of 96 and 244254.
6
Calculate the highest common factor of 14 and 17906.
14
What is the highest common divisor of 61277 and 58?
29
Calculate the greatest common factor of 3704 and 48072.
8
Calculate the greatest common factor of 140940 and 11020.
580
What is the greatest common factor of 81 and 4126896?
27
Calculate the greatest common divisor of 314625 and 7500.
375
Calculate the greatest common divisor of 392